-3 - (3 + -3 + 6)
-5
What is 0 + 2 + -3 - 0 - 3?
-4
Evaluate -8 - -1 - -4 - (5 + -5).
-3
Evaluate 2 - (2 - (3 - 3)) - 1.
-1
Evaluate 7 + -15 + (-4 - -8).
-4
What is 1 + -3 + (5 - 6) + 0?
-3
What is the value of -1 + (2 - -2 - 7)?
-4
What is the value of 42 + -39 + (0 - 0 - -3)?
6
Evaluate (3 - -2 - 5) + -2.
-2
Evaluate 6 - (1 + 4 + -2).
3
Evaluate 13 - (9 - (-8 - -10)).
6
0 - -1 - (7 - (2 + 3))
-1
Evaluate 2 - (0 - 1 - (-8 - -7)).
2
Evaluate 0 + 9 + 0 - 15.
-6
Calculate 4 + 0 + 6 + -7.
3
Evaluate -8 - (4 + (-14 - -8)).
-6
What is the value of 12 + 2 + 2 + -10?
6
Calculate -6 + 5 - (0 + 9).
-10
Calculate -13 - (-6 - 13 - -5).
1
Evaluate -1 + 4 + -5 + (1 - 0).
-1
What is -7 + (23 - 8) - 4?
4
What is the value of 4 + (0 + -2 - 11)?
-9
What is the value of (3 - 9) + 2 + 3 + -4?
-5
What is 4 - (-2 - (-4 + -2))?
0
Calculate 2 - (2 - -4) - -3 - -4.
3
Calculate 2 - (-9 + 6 - (1 - 3)).
3
What is 7 - (-3 + (6 - 4) - -17)?
-9
What is (2 - -7) + -14 + 7?
2
3 - (-5 + (5 - 2) - -3)
2
What is the value of (1 - -4) + -2 + -4 + 0?
-1
Calculate -2 + (-5 - -6) + 0 + -1.
-2
Evaluate 2 + -8 + 7 + -6.
-5
Evaluate 3 + -1 - (3 + -2 + 0).
1
What is 3 + 4 + -5 - (2 - 0)?
0
-3 + 2 + 3 + 2
4
Evaluate -7 - (-7 + 3 - (-3 + 1)).
-5
2 + (4 - 3) + -2
1
What is 5 - (1 - (3 - 2))?
5
What is 3 + (6 - 4 - 4 - 1)?
0
-3 - -2 - (-5 + 2) - 2
0
What is the value of 11 + (5 - 3 - (15 - 8))?
6
What is the value of 3 + 0 - 6 - -9?
6
Evaluate 0 - -2 - (20 + -15).
-3
Evaluate (-9 - (6 - 16)) + -7.
-6
0 + (4 - (4 + 4)) - 3
-7
What is (-6 - -11) + 3 - 4?
4
Calculate 10 + (10 - 15 - -4).
9
What is the value of (5 - 3) + (-2 + -2 - 0)?
-2
-1 + 11 - (-19 - -24)
5
What is the value of (5 - ((0 - 0) + -2)) + -5?
2
What is the value of (-2 - -12) + 0 - (34 + -30)?
6
What is the value of 1 - 1 - (-2 + 2 + -4)?
4
What is the value of -6 - ((1 + 3 - 21) + 6)?
5
Calculate 3 - 8 - -6 - 6.
-5
What is (-3 - 0) + 2 + -1 + 5?
3
12 + (12 - 1 - 17)
6
Calculate -1 + -1 + 1 + -1 + 2.
0
Calculate -17 - ((-12 - -5) + -2).
-8
What is the value of (-1 - (-3 - -7)) + -1?
-6
What is -14 - (-4 + 0 + -5)?
-5
Calculate -2 + 1 - (2 + -2 + 0).
-1
What is the value of (-1 - -2) + -4 + (3 - -1)?
1
Calculate (-5 - (-1 - -2)) + -11 + 18.
1
What is -3 + 6 + 8 + -7?
4
4 - 7 - (4 - 2) - -1
-4
Calculate -20 + 21 - (2 + -1).
0
Calculate -4 + 13 + 0 - 5.
4
What is the value of (-6 - -11) + 4 + -11?
-2
Calculate 2 + -9 + (0 - -5).
-2
-5 + 2 + -6 + 3
-6
-5 + 3 + (-2 - 5 - -5)
-4
Calculate -6 - (1 - 4) - (-1 - 1).
-1
What is (1 - 1) + 2 + (-1 - -2)?
3
What is the value of -1 + (3 - (-5 + 4))?
3
0 + (6 - 0) + -2
4
2 - (6 + -14 + 4 - -10)
-4
Calculate -2 + (-3 - -6) + -7.
-6
6 - (1 + 2) - 3 - 1
-1
What is the value of (15 - 18) + (0 - -1)?
-2
What is -2 + (3 - 2 - -2) + -2?
-1
What is 1 + 1 + (-10 - -8) + 0?
0
What is 2 - 1 - -4 - 3 - 2?
0
What is 1 + 5 + 1 + (-8 - 1)?
-2
Calculate (-2 - (-3 + -7)) + -7.
1
Calculate 3 + (8 - 5) + -7 - 4.
-5
Evaluate (7 - 6) + 4 + -7.
-2
Calculate -3 + -5 - (-27 - -20).
-1
Calculate (-6 - 1) + 2 + (-102 - -107).
0
-9 - (-8 + (7 - 5) - 1)
-2
What is 65 + -68 - (-3 - 1)?
1
Evaluate -15 + (-4 - -9) + 3.
-7
Evaluate -1 + -1 + 5 + -5 - -2.
0
Calculate -7 + (-1 - -13) - 6.
-1
Evaluate 10 - (2 - (8 + -6)).
10
Calculate -2 + (3 - 1 - 3).
-3
Calculate 10 - -4 - (16 + -10).
8
(-4 - -4) + (-1 - 2)
-3
What is (3 - 3) + (0 - 0)?
0
Calculate 2 + (-4 + 9 - (-3 + 4)).
6
What is the value of -2 + (4 - (-2 + 8)) + 7?
3
-5 + -2 - (-4 + 2)
-5
What is (-2 - 0) + 53 + -47?
4
Evaluate -3 + 2 + 2 + 5.
6
What is the value of (-3 - -1 - -2) + -2?
-2
(3 - 6 - -1) + 0
-2
What is -2 + 1 - (5 - 3)?
-3
-2 - (2 + (3 - 4) + -9)
6
-3 - (7 - 9 - 4)
3
What is the value of 2 - 1 - (-34 - -27)?
8
What is (24 - 22) + (-2 - 0)?
0
What is the value of 16 + -20 - (-4 + 3)?
-3
What is -6 - (2 - (1 + 5))?
-2
Calculate (0 - -2) + (-2 - (1 - 1)).
0
Calculate (0 - 3 - 0) + -27 + 27.
-3
Calculate -2 - (7 - 5 - 4) - 0.
0
What is the value of -2 - (-4 + (3 - 0))?
-1
What is -3 + -1 + -3 + 9 + -7?
-5
What is the value of -6 + (6 - 3 - -3)?
0
1 + -2 - (-31 - -27) - 0
3
Evaluate -3 + (-2 + 5 - 0).
0
(4 - (-9 - -14)) + 0
-1
Evaluate -27 + 19 - (1 - 9).
0
What is (29 - 19) + (-14 - -2)?
-2
-4 + 19 + -19 - (-3 - -1)
-2
-1 + (-2 - (-4 - -2) - 5)
-6
What is the value of 17 + -16 + 2 + -2 + 0?
1
What is 8 + -5 + -3 + 7 + -2?
5
(10 - 2 - 21) + 12
-1
What is 5 + 5 + -2 + -11?
-3
What is -6 - -2 - (-3 - 1)?
0
Calculate -4 - (-4 - (-8 + 1)).
-7
Calculate -35 + 53 - (12 + -1).
7
Evaluate -3 + (9 - 9 - (-8 - -3)).
2
Evaluate (-5 + 10 - (-2 + 3)) + -5.
-1
Calculate 3 - 3 - (-6 - -5).
1
Calculate -1 - -2 - (2 + 4 + -7).
2
What is the value of (-3 - -4) + 6 + (1 - 4)?
4
Evaluate 1 + (-2 - (-1 - 0)) - 1.
-1
What is the value of 8 + (-3 - (-3 - -3))?
5
Calculate -3 + 7 + 4 - 4.
4
What is the value of 18 + -18 - (4 - (-2 + 4))?
-2
Evaluate 2 - (4 - 13) - 6.
5
What is the value of -52 - -47 - (-3 + -1)?
-1
Evaluate -15 + 14 + -1 + -1 + 6.
3
What is the value of (-9 - -3) + (-2 - (-5 - 1))?
-2
Evaluate (-2 - 1) + (-4 - (3 + -7)).
-3
(2 - 0) + 4 - (-17 - -29)
-6
0 + -4 - (7 + -12)
1
What is the value of 1 - (5 - (8 + -4) - 0)?
0
Evaluate (-11 - (-1 + -3)) + 7 - -5.
5
What is the value of (5 + 0 + 8 - 0) + -6?
7
-7 + (15 - 4) - (2 - -3)
-1
What is the value of -3 - -1 - (2 - 5) - 1?
0
What is the value of -5 - -2 - (-1 + -7 + 5)?
0
Evaluate (-13 - 4) + (9 - 1).
-9
Evaluate (4 - 6) + 3 + (1 - 1).
1
What is the value of (-5 - -9) + 7 + -20?
-9
What is 1 + (-4 - 0) + (6 - 7)?
-4
What is the value of -11 + 6 + 5 - (-5 - -1)?
4
Calculate (-7 - -7 - (-4 + 0)) + -6.
-2
Evaluate 4 - -3 - (2 + -2 + 5).
2
-3 + -2 + -3 + 5 + 2
-1
What is the value of (6 - 5) + (11 + -1 - 5)?
6
What is 4 + (-6 - (-18 + 10))?
6
Evaluate 1 + (-4 - (-3 - 0) - -4).
4
2 + (1 - (2 - 0)) + -4
-3
Calculate -1 + 7 + 1 - 5 - -6.
8
1 + 11 + -61 + 55
6
7 + -1 + (-4 - 0) + 1
3
Calculate -1 - (-1 + 3 + -2 + 3).
-4
What is the value of (-8 - -4) + (-2 - -8)?
2
What is -5 + -6 + 9 + (0 - 1)?
-3
7 + -13 - (-4 + 2 - 0)
-4
Calculate 3 + (-2 + 5 + 0 - 2).
4
What is 2 - (3 - (3 - 2))?
0
Evaluate 2 + 4 - (-4 + 6).
4
(0 - (-9 + 4 + 1)) + -2
2
2 - 3 - (-3 - (1 + -7))
-4
What is 1 + -7 - (8 - 13)?
-1
What is (4 - (0 - -4)) + 1 + -1?
0
(1 - -10) + (-8 - -4)
7
What is the value of 1 + 10 + -7 - 3?
1
What is the value of 0 + -1 - (3 + 2) - -9?
3
What is the value of 0 + -10 + (11 - 5)?
-4
Evaluate -5 + 5 - ((0 - 2) + -2).
4
Evaluate -5 + (-13 + 6 - 1) + 5.
-8
Evaluate 4 - (4 - 1) - 4.
-3
What is the value of 5 - (-1 - -1 - -3)?
2
What is the value of -26 - -30 - (1 + 5)?
-2
2 + 7 - (-130 + 133)
6
What is the value of 8 - (-1 + (9 - 4))?
4
Evaluate 1 + 0 + (-4 - 1).
-4
Evaluate (-3 - -2) + -31 + 36.
4
Calculate -5 - (-4 - -1 - 2 - 4).
4
Calculate 23 - (-1 + (14 - -2)).
8
Evaluate -4 + (-2 + 0 + 1 - -1).
-4
What is -19 - -20 - (1 + -7) - 14?
-7
What is the value of -3 - -1 - (-1 + -1 + -2)?
2
What is the value of -2 + 5 - (1 + 1 - 0)?
1
What is the value of -2 + (2 - (-3 + (7 - 4)))?
0
Calculate 5 + -5 + -7 - (-1 - 2).
-4
What is the value of (3 - 7) + (5 - 0)?
1
What is the value of -3 + -3 + 5 + (2 - 4)?
-3
Evaluate 1 - (0 + (3 - -1 - 8)).
5
Calculate (-8 - -3) + -1 + 3 - -1.
-2
What is the value of (16 - (7 + -11)) + -9?
11
Evaluate -1 + 1 - 6 - -6.
0
Evaluate (3 - 2) + (7 - 1) - 11.
-4
Calculate 6 + -1 + (-1 - -5) + -4.
5
Calculate 0 + -4 + -2 + 1 - -3.
-2
Calculate -2 - (2 - 2) - (-1 + 2).
-3
Calculate -4 + 4 + (-9 + 5 - 2).
-6
Calculate 2 + (1 - 9) + (9 - 8).
-5
What is the value of -2 - (-3 + 3) - (4 + -1)?
-5
Evaluate (2 - (5 + 0)) + 5 + -4.
-2
Calculate 0 + (5 - 3) + -4 + 9.
7
What is -1 - 4 - (-16 + 20)?
-9
What is the value of 0 - (4 - (-4 - -8))?
0
Calculate 8 - (23 - (5 + 3)).
-7
(3 - 5) + 2 - (-1 - 1)
2
6 + -2 + -3 + -1 + 7
7
Calculate 1 + 0 + -7 + 7.
1
Evaluate -1 + 13 + (105 - 118).
-1
What is the value of (-2 - -8) + 1 + -2?
5
What is the value of (6 - (-1 - -2)) + -9 + 5?
1
-8 + (3 - -1) - 0
-4
Calculate 3 - (2 + -2 + 5).
-2
-2 + 1 + 3 + 1 + -3
0
Calculate (0 + -6 - 1) + 5.
-2
Calculate (7 - 2) + (-6 - -2).
1
What is -3 + 19 + -1 - 3 - 5?
7
What is the value of -1 - ((22 - 7) + -11)?
-5
What is -3 - -3 - 2 - -2?
0
Calculate 6 + (-1 - 3) + 2 + -9.
-5
What is the value of -7 + -1 - (4 - 8) - -7?
3
What is 5 + (-7 